x(u). What is t(h)?
4
Suppose 150 = -34*q + 49*q. Let m(r) = 11 - 4 + 2*r**2 + 4*r**3 - 11*r**2 + q*r - 5*r**3. Give m(-10).
7
Let u(c) = -1 + c + 8*c - 2 - 4*c. Let y(i) = 2*i**2 - 7*i - 10. Let f be y(5). Suppose -w - 5 = -5*k, -f*w = 5 - 30. What is u(k)?
7
Let v(s) = -7*s + 6 + 2*s**3 + 0 + 3*s**3 - 5*s**2. Let x(b) be the first derivative of -b**4/4 + 240. Let o(g) = -v(g) - 4*x(g). Give o(6).
0
Let z be 1*(-9)/(18/(-4)). Let u(f) = -44*f**2 + 137*f**2 - 46*f**2 - 49*f**z - 2 - 2*f**3. Determine u(-2).
6
Suppose 0 = 111*k + 121*k. Let t(q) = -4*q**2 - 2*q + 14. Give t(k).
14
Suppose 3*u + 240 = 11*u. Suppose -4*l = -3*p - p - 32, 0 = -5*l - 5*p + u. Let i(g) = g**3 - 6*g**2 - 8*g - 3. Determine i(l).
-10
Suppose 5*m + 8 = 2*h, -3*m + 7*m = -5*h + 20. Let v(o) = -113 + 237 - 120 + o. Give v(m).
4
Suppose 4*n = 15 - 7. Let g(k) be the first derivative of 158 + 2*k - 2/3*k**3 - 3/2*k**2. What is g(n)?
-12
Let l(n) = n**2 + 9*n - 2. Suppose 0 = 2*a, -5 = -9*h + 10*h + a. Let w be 16/(-1)*(h - 33/(-6)). Give l(w).
-10
Suppose 4*i - 7 = j + 5*i, 0 = 2*j - i + 8. Let h(b) = -7*b**2 - 8*b - 26. Let d(l) = -4*l**2 - 5*l - 13. Let r(w) = j*d(w) + 3*h(w). Determine r(0).
-13
Let t(p) be the second derivative of -p**5/40 - p**4/8 + p**3/6 - 6*p**2 + 3*p. Let b(k) be the second derivative of t(k). Determine b(-2).
3
Let m be 120/36*(-36)/(-30). Let i(g) = g**2 + 2*g + 17. Give i(m).
41
Let k = 4854 - 4859. Let g(v) = 3*v**2 + 6*v + 7. Determine g(k).
52
Let d be 10/(77/14*28/77). Let m(z) = z**3 - 4*z**2 - 7*z + 21. Give m(d).
11
Suppose 2*n = -n. Let d(g) = -12*g + 23. Let x(t) be the first derivative of -19*t**2/2 + 34*t - 75. Let s(m) = 8*d(m) - 5*x(m). What is s(n)?
14
Let j(u) = -u + 6. Suppose 0*r - 4*s + 60 = 4*r, 3*r - 45 = -4*s. Let t be 6/10 - 18/30. Suppose t = -5*k - 3*d - 13, 2 - r = k - 2*d. Give j(k).
11
Let y(n) be the third derivative of n**4/12 + 8*n**3/3 + 2*n**2 + 93. Give y(5).
26
Suppose 6 = 2*h - 0. Let m(f) be the second derivative of -2*f**2 - 2*f + 1/2*f**3 - 180 + 1/6*f**4. Calculate m(h).
23
Let d(j) be the first derivative of j**2 - 12*j + 873. Let v be ((-2)/2)/(4/44). What is d(v)?
-34
Let h(i) = -53*i + 11. Let o be (-125 + 126)/(1 - (-12)/(-13)). Let g(b) = 25*b - 5. Let u(n) = o*g(n) + 6*h(n). Calculate u(3).
22
Let b(f) be the third derivative of -f**6/120 + f**5/30 + 7*f**4/24 - f**3/6 - 2516*f**2. Give b(2).
13
Suppose 0 = -4*o - 8, -2*m - 5*o = 3 + 1. Let t(u) = -m*u**2 + 7*u**2 - 6*u**2 - u - 34*u**3 - 2 + 33*u**3. Give t(-2).
0
Let j(o) = -o**3 + o**2 + 8*o - 2. Let k(v) = v**3 + 7*v**2 + 5*v - 3. Let c be k(-6). Let r be j(c). Let y be 23/r + (-12)/(-48). Let x(w) = -w + 7. Give x(y).
1
Let m(z) = 4*z - 49. Let c be (1620/(-900))/((-1)/5). Calculate m(c).
-13
Let o(v) = v**3 + 20*v**2 + 21*v + 37. Let g be o(-19). Let m(u) = -11*u + 1 - u**2 + 12*u - 9*u**3 + 2*u**2. Calculate m(g).
10
Let a(k) = 111*k - 230. Let x be a(2). Let w(v) = v - 4. Determine w(x).
-12
Let j(v) = -5*v + 2*v**2 - 138 - 111 + 403 - 119 - 28*v. Determine j(15).
-10
Let h(k) be the second derivative of k**5/10 - 5*k**4/2 + k**3/6 - 23*k**2/2 + 3*k + 7. Determine h(15).
-8
Let j(n) be the second derivative of 29*n**4/6 + n**3/6 + 1427*n. What is j(1)?
59
Let r(h) = h**2 - 10*h + 12. Let y(z) = -2*z**2 + 15*z + 1. Let m be y(6). Suppose -x - 10 = -m. Determine r(x).
3
Let i(w) = -2*w**3 - 10*w**2 - 6*w + 8. Let a(t) = 5*t**3 + 20*t**2 + 12*t - 16. Let y(z) = -4*a(z) - 9*i(z). What is y(5)?
22
Let q(u) be the second derivative of u**4/12 + u**3 + 4*u**2 + u. Let b(p) = 12*p - 16. Let v be b(4). Suppose 78 = -45*t + v*t. Determine q(t).
8
Let t(k) = 2*k**3 - 22*k**2 + 19*k + 13. Let m be t(10). Let b(x) = 3*x**2 - 4*x + m*x + 63 - 64. Give b(-1).
3
Suppose 4*s - 20 = -6*g + 3*g, -g = -6*s + 8. Let o(w) = w**2 - 3*w + 19. Give o(g).
23
Suppose 5*p = 2*s, 14 = s - p + 2*p. Suppose 3*g + 2*m = -0 - s, 2*m = 2*g. Let b(y) = y**3 + 2*y**2 + 1. Calculate b(g).
1
Let j(k) = -10*k + 454. Let c(m) = 3*m - 160. Let l(f) = -14*c(f) - 5*j(f). Calculate l(6).
18
Let x(c) = 2*c**2 - 20*c - 672. Let q be x(-14). Let z(y) = 1. Let j(g) = g - 6. Let p(d) = j(d) + 4*z(d). Give p(q).
-2
Let t(z) = 19 - 64 + 35 - 3*z. Determine t(-4).
2
Let h be (-16392)/90 + 3 + (-43)/15. Let p = -186 - h. Let j(m) = m**2 + 4*m - 5. Give j(p).
-5
Let p(o) = -o**3 - 7*o**2 - o - 2. Suppose 0 = 9*y - 3 - 15. Let l be 11*1*2/y. Suppose -3*i - 10 - l = 0. Give p(i).
5
Let x(o) be the first derivative of o**4/4 - 2*o**3 - 25*o**2/2 - 7*o + 924. Determine x(9).
11
Let r(d) be the second derivative of d - 17/12*d**4 - 1/144*d**6 + 0 + 0*d**3 - 1/60*d**5 + 0*d**2. Let q(u) be the third derivative of r(u). Give q(-3).
13
Suppose 5*i - 2*i + 3 = 0. Let h be ((-16)/(-32))/((-2)/(-12)). Let d(u) = -2*u**2 + 3*u + u**3 + 1 + h*u - 5*u + 4*u**2. Determine d(i).
1
Let l = 3437 - 3437. Let i(n) = 98 + 0*n - 119 + n**2 + n + 0*n. Calculate i(l).
-21
Let x(v) be the first derivative of -5*v**4/4 + v**3 - 3*v**2/2 + 2*v + 61. Suppose 0 = -o - 3*r + 17, -5*r = -22 - 3. Give x(o).
-32
Let w(y) = -y**2 + y + 36. Let l be -12 + (135/15 - -8). Determine w(l).
16
Suppose 7*z - 5*f = 5*z - 55, -4*z - 152 = 4*f. Let j = z - -27. Let x(l) = -2*l + 7. Let s(u) = -u - 1. Let m(k) = -3*s(k) + x(k). Determine m(j).
2
Let x = 121 - 94. Suppose 7 - x = -10*u. Suppose -u*l = 70 - 60. Let a(v) = -v**3 - 5*v**2 - 6. What is a(l)?
-6
Let j(b) = 2*b**2 + 11 + 13 - 3*b**2 + 2*b**2 + b**3 + b. Let m be 1 + ((-2)/3)/((-64)/(-96)). What is j(m)?
24
Let x(a) = a**3 + a. Let o(p) = -3*p**3 - 6*p**2 - 5*p + 1. Let m(r) = o(r) + 4*x(r). Let d be (-3)/2*(-26720)/120. Let w = 340 - d. Calculate m(w).
-5
Let f(n) = 4*n**2 + n. Let m be f(-2). Let x(b) = 35*b - 205. Let p(h) = -48*h + 281. Let l(u) = -16*p(u) - 22*x(u). Give l(m).
-14
Let z = 17159 + -17157. Let j(n) = -19*n**2 - n - 1. What is j(z)?
-79
Let x(g) = -1723*g - 5 + 16 + 1724*g. Suppose -9*j - 88 = 2*j. Determine x(j).
3
Let q(l) be the first derivative of 3 + 11*l**2 - 1/4*l**4 - l + 7*l**3. Calculate q(22).
-1
Let h(t) be the second derivative of -t**5/20 + 5*t**4/12 - t**3/2 - t**2/2 - 11178*t - 2. Let m(s) = -2*s - 2. Let b be m(-3). What is h(b)?
3
Let d(m) = -9*m**2 - 108*m - 4. Let v = 6424 + -6436. Give d(v).
-4
Let f be ((168/(-35) - -5) + 38/(-40))*12. Let p(s) = 8*s + 92. Give p(f).
20
Let m(n) = n**2 + 9*n - 45. Suppose 0 = d - 3*c - 2*c + 8, 3*d + 37 = 2*c. Give m(d).
7
Suppose 37*r - 67 = 32*r - b, 5*r = -5*b + 75. Let p(n) = 7*n - 11 + 13*n - 10*n - r*n. Determine p(-5).
4
Let r(v) = -5*v**3 + 2*v - 2. Let l = -8476 - -8478. What is r(l)?
-38
Let j = 15411 + -15411. Let s(z) be the second derivative of -4*z - 1/6*z**3 + j - 1/2*z**2. Calculate s(-5).
4
Let j(t) = -5*t + 125. Let u(i) = 10*i - 270. Let z(s) = 5*j(s) + 3*u(s). What is z(37)?
0
Let q(w) = -w**3 - 4*w**2 + 5. Suppose -62*s = 103*s + 238 + 257. Determine q(s).
-4
Let r(n) = -3*n + 3. Let o be r(0). Let f(a) = 3*a**3 + 6*a**3 + a**3 - 9*a**3 - o*a**2 + 3*a. Let i = 274 - 271. What is f(i)?
9
Let b(u) = 27 - 5 - 16 - 19. Let z(n) = n + 15. Let a(c) = 6*b(c) + 5*z(c). What is a(2)?
7
Suppose 666 = -49*r - 167 - 49. Let p(a) = -a**3 - 17*a**2 + 19*a + 27. What is p(r)?
9
Let g(w) = 1823 + 1910 - 68*w - 3652. Give g(1).
13
Let d(q) = -6*q**3 - 3*q**2 + 4*q + 2. Let k(a) = -5*a**3 - 3*a**2 + 3*a + 2. Let u(j) = -3*d(j) + 4*k(j). Let r be (-81)/9 - 1*-10. Determine u(r).
-3
Suppose -75*a + 26 = -o - 35*a - 37*a, -5*a = -55. Let b(p) = -p - 1. Let m(v) = 3*v + 2. Let d(y) = b(y) + m(y). Determine d(o).
15
Let x(h) = h**2 - 9*h + 9. Suppose 4*b = 11 - 3. Suppose -38 = -5*f - 2*z, -4*f - b*z + 4 = -7*z. Determine x(f).
-9
Let l(g) = -7*g**3 + 9*g**2 + 13*g + 42. Let x(q) = 9*q**3 - 9*q**2 - 14*q - 53. Let h(c) = 5*l(c) + 4*x(c). Calculate h(-7).
33
Let m(y) = y + 15. Let z = -86 - -86. Suppose z = -12*x + 9 - 33. Let b be (x - -2)/(2/((-1)/(-1))). Determine m(b).
15
Let u be 3/2*(-156)/(-117). Let h be -1 + 3/(-3) + 1. Let a(r) = -2*r**3 + 2*r**2 + r + 3. Let z(m) = m**2 + m. Let b(s) = h*a(s) + 3*z(s). Give b(u).
21
Let g(f) = 3*f**3 + 3*f**2 + 13*f - 6. Let v(c) = -2*c**3 - c**2 - 11*c - 5. Let k(y) = 3*g(y) + 4*v(y). Calculate k(-4).
-2
Let p(q) = -q**2 - 20*q + 53. Let w = -22763 + 22739. G